{"id":7,"date":"2026-02-09T14:39:16","date_gmt":"2026-02-09T13:39:16","guid":{"rendered":"https:\/\/ladaondova.cz\/?page_id=7"},"modified":"2026-03-20T15:59:36","modified_gmt":"2026-03-20T14:59:36","slug":"vytvorte-si-svuj-web-s-bloky","status":"publish","type":"page","link":"https:\/\/ladaondova.cz\/","title":{"rendered":""},"content":{"rendered":"\n<p><\/p>\n\n\n\n<figure class=\"wp-block-image size-large\"><img loading=\"lazy\" decoding=\"async\" width=\"1024\" height=\"434\" src=\"https:\/\/ladaondova.cz\/wp-content\/uploads\/2026\/03\/Gemini_Generated_Image_t2tgjvt2tgjvt2tg-1-1024x434.png\" alt=\"\" class=\"wp-image-52\" srcset=\"https:\/\/ladaondova.cz\/wp-content\/uploads\/2026\/03\/Gemini_Generated_Image_t2tgjvt2tgjvt2tg-1-1024x434.png 1024w, https:\/\/ladaondova.cz\/wp-content\/uploads\/2026\/03\/Gemini_Generated_Image_t2tgjvt2tgjvt2tg-1-300x127.png 300w, https:\/\/ladaondova.cz\/wp-content\/uploads\/2026\/03\/Gemini_Generated_Image_t2tgjvt2tgjvt2tg-1-768x326.png 768w, https:\/\/ladaondova.cz\/wp-content\/uploads\/2026\/03\/Gemini_Generated_Image_t2tgjvt2tgjvt2tg-1-1536x652.png 1536w, https:\/\/ladaondova.cz\/wp-content\/uploads\/2026\/03\/Gemini_Generated_Image_t2tgjvt2tgjvt2tg-1-850x361.png 850w, https:\/\/ladaondova.cz\/wp-content\/uploads\/2026\/03\/Gemini_Generated_Image_t2tgjvt2tgjvt2tg-1.png 1584w\" sizes=\"auto, (max-width: 1024px) 100vw, 1024px\" \/><\/figure>\n\n\n\n<div class=\"wp-block-columns alignwide are-vertically-aligned-center is-style-twentytwentyone-columns-overlap is-layout-flex wp-container-core-columns-is-layout-9d6595d7 wp-block-columns-is-layout-flex\">\n<div class=\"wp-block-column is-vertically-aligned-center is-layout-flow wp-block-column-is-layout-flow\"><\/div>\n<\/div>\n\n\n\n<div class=\"wp-block-columns alignwide is-layout-flex wp-container-core-columns-is-layout-9d6595d7 wp-block-columns-is-layout-flex\">\n<div class=\"wp-block-column is-vertically-aligned-top is-layout-flow wp-block-column-is-layout-flow\">\n<h3 class=\"wp-block-heading\">V pohork\u00e1ch za obzory<\/h3>\n\n\n\n<p>Na\u0161e kroky vedou k hor\u00e1m, do les\u016f i k vod\u00e1m. Ka\u017ed\u00fd z\u00e1\u017eitek, ka\u017ed\u00fd v\u00fdhled a ka\u017ed\u00fd p\u0159\u00edb\u011bh pe\u010dliv\u011b zachycujeme do na\u0161ich \u010dl\u00e1nk\u016f a fotografi\u00ed. Nechte se inspirovat kr\u00e1sami, kter\u00e9 objevujeme.<\/p>\n<\/div>\n\n\n\n<div class=\"wp-block-column is-vertically-aligned-top is-layout-flow wp-block-column-is-layout-flow\">\n<h3 class=\"wp-block-heading\">S barvou na dlan\u00edch<\/h3>\n\n\n\n<p>V na\u0161em mal\u00e9m ateli\u00e9ru o\u017e\u00edvaj\u00ed n\u00e1pady. Kresl\u00edme, st\u0159\u00edh\u00e1me, lep\u00edme a vyr\u00e1b\u00edme origin\u00e1ln\u00ed kousky z pap\u00edru i p\u0159\u00edrodnin. Ka\u017ed\u00fd nov\u00fd n\u00e1pad je pro n\u00e1s mal\u00fdm v\u00edt\u011bzstv\u00edm, kter\u00fd r\u00e1di sd\u00edl\u00edme. Poj\u010fte se s n\u00e1mi radovat z toho, co n\u00e1m vznik\u00e1 pod rukama.<\/p>\n<\/div>\n\n\n\n<div class=\"wp-block-column is-vertically-aligned-top is-layout-flow wp-block-column-is-layout-flow\">\n<h3 class=\"wp-block-heading\">Nad tal\u00ed\u0159em s n\u00e1padem<\/h3>\n\n\n\n<p>Na\u0161e kuchyn\u011b je m\u00edstem, kde se pod rukama m\u011bn\u00ed mouka a poctiv\u00e9 suroviny v dom\u00e1c\u00ed kol\u00e1\u010de, vo\u0148av\u00e9 pe\u010divo i slan\u00e9 dobroty. Pe\u010den\u00ed je pro n\u00e1s ritu\u00e1l, u kter\u00e9ho se zastav\u00edme a u\u017e\u00edv\u00e1me si spole\u010dn\u00fd \u010das. Ochutnejte s n\u00e1mi radost z poctiv\u00e9 dom\u00e1c\u00ed p\u0159\u00edpravy<strong>.<\/strong><\/p>\n<\/div>\n<\/div>\n\n\n\n<div style=\"height:100px\" aria-hidden=\"true\" class=\"wp-block-spacer\"><\/div>\n\n\n\n<p><\/p>\n","protected":false},"excerpt":{"rendered":"<p>V pohork\u00e1ch za obzory Na\u0161e kroky vedou k hor\u00e1m, do les\u016f i k vod\u00e1m. Ka\u017ed\u00fd z\u00e1\u017eitek, ka\u017ed\u00fd v\u00fdhled a ka\u017ed\u00fd p\u0159\u00edb\u011bh pe\u010dliv\u011b zachycujeme do na\u0161ich \u010dl\u00e1nk\u016f a fotografi\u00ed. Nechte se inspirovat kr\u00e1sami, kter\u00e9 objevujeme. S barvou na dlan\u00edch V na\u0161em mal\u00e9m ateli\u00e9ru o\u017e\u00edvaj\u00ed n\u00e1pady. Kresl\u00edme, st\u0159\u00edh\u00e1me, lep\u00edme a vyr\u00e1b\u00edme origin\u00e1ln\u00ed kousky z pap\u00edru i p\u0159\u00edrodnin&#8230;.<\/p>\n","protected":false},"author":1,"featured_media":0,"parent":0,"menu_order":0,"comment_status":"closed","ping_status":"closed","template":"","meta":{"footnotes":""},"class_list":["post-7","page","type-page","status-publish","hentry"],"_links":{"self":[{"href":"https:\/\/ladaondova.cz\/index.php?rest_route=\/wp\/v2\/pages\/7","targetHints":{"allow":["GET"]}}],"collection":[{"href":"https:\/\/ladaondova.cz\/index.php?rest_route=\/wp\/v2\/pages"}],"about":[{"href":"https:\/\/ladaondova.cz\/index.php?rest_route=\/wp\/v2\/types\/page"}],"author":[{"embeddable":true,"href":"https:\/\/ladaondova.cz\/index.php?rest_route=\/wp\/v2\/users\/1"}],"replies":[{"embeddable":true,"href":"https:\/\/ladaondova.cz\/index.php?rest_route=%2Fwp%2Fv2%2Fcomments&post=7"}],"version-history":[{"count":8,"href":"https:\/\/ladaondova.cz\/index.php?rest_route=\/wp\/v2\/pages\/7\/revisions"}],"predecessor-version":[{"id":75,"href":"https:\/\/ladaondova.cz\/index.php?rest_route=\/wp\/v2\/pages\/7\/revisions\/75"}],"wp:attachment":[{"href":"https:\/\/ladaondova.cz\/index.php?rest_route=%2Fwp%2Fv2%2Fmedia&parent=7"}],"curies":[{"name":"wp","href":"https:\/\/api.w.org\/{rel}","templated":true}]}}